09 a prime number?
False
Is 67723 a composite number?
False
Is 29917 prime?
True
Is 208861 a composite number?
True
Is 65447 composite?
False
Is 5269 composite?
True
Is 157507 composite?
True
Is 666821 composite?
False
Is 751 composite?
False
Is 7627 composite?
True
Is 1549979 prime?
False
Is 1655 composite?
True
Is 341423 a composite number?
False
Is 6683 prime?
False
Is 32141 a prime number?
True
Is 24709 composite?
False
Is 15653 a prime number?
False
Is 1312459 a prime number?
True
Is 53479 prime?
True
Is 2625827 composite?
True
Is 4373 composite?
False
Is 1053809 prime?
True
Is 17653 a composite number?
True
Is 1263 composite?
True
Is 37547 prime?
True
Is 4967143 composite?
False
Is 177271 composite?
True
Is 7279 composite?
True
Is 5623 prime?
True
Is 1342246 prime?
False
Is 1721 a prime number?
True
Is 16811 composite?
False
Is 65177 prime?
False
Is 11393 prime?
True
Is 41843 a prime number?
True
Is 441709 a prime number?
False
Is 3719 a composite number?
False
Is 114299 prime?
True
Is 2463 prime?
False
Is 44369 composite?
True
Is 11071 a prime number?
True
Is 90109 a composite number?
True
Is 13259 a prime number?
True
Is 1937 a composite number?
True
Is 3572963 prime?
True
Is 12029 a composite number?
True
Is 16519 a prime number?
True
Is 31379 composite?
False
Is 13349 a composite number?
True
Is 16271 a prime number?
False
Is 10589 composite?
False
Is 1127039 a prime number?
True
Is 145283 a composite number?
False
Is 25253 prime?
True
Is 1943 composite?
True
Is 1621 a composite number?
False
Is 2033 prime?
False
Is 5279 composite?
False
Is 9561 prime?
False
Is 31763 a composite number?
True
Is 13217 prime?
True
Is 18787 a prime number?
True
Is 19529 prime?
False
Is 1574618 composite?
True
Is 1317773 composite?
False
Is 193073 composite?
False
Is 24481 a prime number?
True
Is 97267 composite?
True
Is 129985 a composite number?
True
Is 86635 prime?
False
Is 3427 composite?
True
Is 16729 prime?
True
Is 111193 prime?
False
Is 76597 prime?
True
Is 66001 a composite number?
True
Is 3097 a composite number?
True
Is 57151 a composite number?
True
Is 68993 a prime number?
True
Is 31469 composite?
False
Is 194 a composite number?
True
Is 77929 composite?
False
Is 45143 a prime number?
False
Is 78007 composite?
False
Is 18371 a composite number?
False
Is 83459 composite?
False
Is 108055 composite?
True
Is 5381 a prime number?
True
Is 62939 composite?
False
Is 126313 a prime number?
False
Is 16841 composite?
True
Is 797 prime?
True
Is 880853 a composite number?
False
Is 974189 a composite number?
False
Is 239671 prime?
True
Is 148173 composite?
True
Is 9029 prime?
True
Is 1255301 prime?
True
Is 3408635 composite?
True
Is 139889 a composite number?
True
Is 150929 a composite number?
False
Is 44167 a composite number?
True
Is 1811 prime?
True
Is 106103 composite?
False
Is 24537 prime?
False
Is 222781 composite?
True
Is 641 a composite number?
False
Is 18013 a composite number?
False
Is 9811 a prime number?
True
Is 200861 a prime number?
True
Is 1367 prime?
True
Is 23429 composite?
True
Is 217985 a prime number?
False
Is 53155 composite?
True
Is 1469915 a composite number?
True
Is 225341 a prime number?
True
Is 1907 a composite number?
False
Is 88535 a prime number?
False
Is 4321 a prime number?
False
Is 340957 prime?
True
Is 20287 a prime number?
True
Is 161819 composite?
True
Is 361821 a prime number?
False
Is 63521 a composite number?
False
Is 244537 composite?
True
Is 64367 composite?
True
Is 919 prime?
True
Is 101537 a prime number?
True
Is 1316869 a prime number?
True
Is 74843 a composite number?
False
Is 59827 composite?
True
Is 306467 composite?
True
Is 1509091 a composite number?
True
Is 13291 a prime number?
True
Is 8263 prime?
True
Is 187709 a prime number?
False
Is 38621 composite?
True
Is 426841 composite?
False
Is 127559 a composite number?
True
Is 1226377 a composite number?
False
Is 1436767 a composite number?
False
Is 640191 a composite number?
True
Is 500519 a composite number?
False
Is 139241 prime?
True
Is 35521 a prime number?
True
Is 97863 a composite number?
True
Is 413869 a prime number?
True
Is 14581 a prime number?
False
Is 122097 a composite number?
True
Is 512039 prime?
False
Is 2362 composite?
True
Is 13621 a prime number?
False
Is 79349 a composite number?
False
Is 135781 composite?
False
Is 71507 prime?
False
Is 93683 composite?
False
Is 338059 composite?
True
Is 1143469 composite?
False
Is 511529 prime?
False
Is 369865 prime?
False
Is 12695 a composite number?
True
Is 21374 a composite number?
True
Is 1447949 composite?
False
Is 24937 a composite number?
True
Is 922021 prime?
True
Is 1151111 composite?
True
Is 21694 prime?
False
Is 1171 a prime number?
True
Is 38261 a composite number?
False
Is 108451 a prime number?
False
Is 326399 prime?
False
Is 321 a composite number?
True
Is 13951 a composite number?
True
Is 1683727 a composite number?
True
Is 100001 a composite number?
True
Is 481721 a composite number?
False
Is 493 composite?
True
Is 1341577 composite?
False
Is 45827 prime?
True
Is 1761 composite?
True
Is 4266061 composite?
False
Is 6607 prime?
True
Is 31763 a composite number?
True
Is 10921 a composite number?
True
Is 88699 prime?
False
Is 567647 a composite number?
True
Is 524287 a prime number?
True
Is 1157533 composite?
True
Is 769 a prime number?
True
Is 10961 composite?
True
Is 48109 a prime number?
True
Is 4426 a prime number?
False
Is 152653 a prime number?
False
Is 9543 composite?
True
Is 7853 prime?
True
Is 190501 a prime number?
False
Is 10427 a composite number?
False
Is 16183 a composite number?
False
Is 3058631 composite?
False
Is 6637 a composite number?
False
Is 14777 composite?
True
Is 90163 a composite number?
False
Is 5951 a composite number?
True
Is 4111 composite?
False
Is 26797 a composite number?
True
Is 1967479 prime?
True
Is 104087 composite?
False
Is 190147 prime?
True
Is 16621 prime?
False
Is 10123 a prime number?
False
Is 9601 composite?
False
Is 125863 a prime number?
True
Is 5167 a composite number?
False
Is 22735 composite?
True
Is 38371 prime?
True
Is 12473 a prime number?
True
Is 364643 prime?
True
Is 127923 a composite number?
True
Is 1568033 a prime number?
True
Is 314869 composite?
True
Is 96853 prime?
False
Is 59567 prime?
True
Is 123447 prime?
False
Is 9599 a prime number?
False
Is 15905 prime?
False
Is 10369 a prime number?
True
Is 23473 a prime number?
True
Is 1801 prime?
True
Is 516923 a prime number?
False
Is 92509 a prime number?
False
Is 49429 composite?
False
Is 19945 prime?
False
Is 832453 prime?
False
Is 2600987 composite?
True
Is 79451 a prime number?
True
Is 183373 prime?
True
Is 780313 composite?
True
Is 23117 prime?
True
Is 17191 a prime number?
True
Is 545503 a composite number?
True
Is 50613 a prime number?
False
Is 387211 a composite number?
True
Is 28163 prime?
True
Is 325843 prime?
False
Is 2633 prime?
True
Is 1087 prime?
True
Is 326195 composite?
True
Is 36029 prime?
False
Is 362513 composite?
True
Is 331801 a prime number?
True
Is 43391 prime?
True
Is 558223 a prime number?
True
Is 1093931 a composite number?
True
Is 30903 prime?
False
Is 148847 a prime number?
False
Is 34597 composite?
True
Is 122069 composite?
False
Is 323221 prime?
False
Is 687223 a prime number?
True
Is 30491 composite?
False
Is 11371 a prime number?
False
Is 26401 a composite number?
True
Is 4703 composite?
False
Is 15259 prime?
True
Is 4141 a prime number?
False
Is 7849 a composite number?
True
Is 2491 a composite number?
True
Is 1041341 a composite number?
True
Is 45053 prime?
True
Is 110719 a composite number?
True
Is 3181 a prime number?
True
Is 241249 a prime number?
True
Is 1847 prime?
True
Is 1777 composite?
False
Is 24065 prime?
False
Is 32353 a prime number?
True
Is 1907 prime?
True
Is 482773 a composite number?
False
Is 200771 a prime number?
True
Is 49778 composite?
True
Is 2722 a prime number?
False
Is 12473 prime?
True
Is 5273 prime?
True
Is 841235 prime?
False
Is 1476185 composite?
True
Is 14909 a composite number?
True
Is 904349 composite?
True
Is 8521 prime?
True
Is 8133 a prime number?
False
Is 5923 a composite number?
False
Is 1369 a composite number?
True
Is 11567 prime?
False
Is 63949 composite?
False
Is 2281 a composite number?
False
Is 17657 a prime numb